{"id":980,"date":"2023-04-20T10:31:37","date_gmt":"2023-04-20T10:31:37","guid":{"rendered":"https:\/\/johannes-weber.de\/praxis\/?page_id=980"},"modified":"2023-04-20T11:36:19","modified_gmt":"2023-04-20T11:36:19","slug":"zwaenge-zwangsgedanken-und-zwangsstoerungen","status":"publish","type":"page","link":"https:\/\/johannes-weber.de\/praxis\/index.php\/zwaenge-zwangsgedanken-und-zwangsstoerungen\/","title":{"rendered":"Zw\u00e4nge, Zwangsgedanken und Zwangsst\u00f6rungen"},"content":{"rendered":"<p>[et_pb_section fb_built=&#8220;1&#8243; custom_padding_last_edited=&#8220;on|phone&#8220; _builder_version=&#8220;4.18.0&#8243; _module_preset=&#8220;default&#8220; width=&#8220;99%&#8220; custom_margin=&#8220;||||false|false&#8220; custom_margin_tablet=&#8220;||||false|false&#8220; custom_margin_phone=&#8220;|||-86px|false|false&#8220; custom_margin_last_edited=&#8220;on|phone&#8220; custom_padding=&#8220;|||0px|false|false&#8220; custom_padding_tablet=&#8220;|||0px|false|false&#8220; custom_padding_phone=&#8220;|||0px|false|false&#8220; global_colors_info=&#8220;{}&#8220;][et_pb_row _builder_version=&#8220;4.18.0&#8243; _module_preset=&#8220;default&#8220; custom_margin=&#8220;|auto||125px||&#8220; global_colors_info=&#8220;{}&#8220;][et_pb_column type=&#8220;4_4&#8243; _builder_version=&#8220;4.18.0&#8243; _module_preset=&#8220;default&#8220; global_colors_info=&#8220;{}&#8220;][et_pb_text _builder_version=&#8220;4.20.2&#8243; _module_preset=&#8220;default&#8220; global_colors_info=&#8220;{}&#8220;]<\/p>\n<h1><\/h1>\n<h1>Zw\u00e4nge und Zwangsst\u00f6rungen<\/h1>\n<p>&nbsp;<\/p>\n<p>Leiden Sie unter Zwangsst\u00f6rungen und m\u00f6chten Sie endlich eine dauerhafte L\u00f6sung finden? Dann k\u00f6nnte die Hypnosetherapie genau das Richtige f\u00fcr Sie sein!<br \/><span style=\"font-size: medium;\"><\/span><\/p>\n<p><a href=\"#Kraft\">Die Kraft des Unterbewusstsein<\/a><br \/><a href=\"#effektiv\">Hypnosettherapie ist sanft und effektiv<\/a><\/p>\n<p><span style=\"font-size: medium;\"><\/span><\/p>\n<p>[\/et_pb_text][et_pb_image src=&#8220;https:\/\/johannes-weber.de\/praxis\/wp-content\/uploads\/2023\/04\/love-g6a2e28bc2_1280.jpg&#8220; title_text=&#8220;love-g6a2e28bc2_1280&#8243; _builder_version=&#8220;4.20.2&#8243; _module_preset=&#8220;default&#8220; global_colors_info=&#8220;{}&#8220;][\/et_pb_image][et_pb_text _builder_version=&#8220;4.20.2&#8243; _module_preset=&#8220;default&#8220; text_orientation=&#8220;right&#8220; global_colors_info=&#8220;{}&#8220;]Bild von <a href=\"https:\/\/pixabay.com\/de\/users\/ln_photoart-2780243\/?utm_source=link-attribution&amp;utm_medium=referral&amp;utm_campaign=image&amp;utm_content=2055960\">Lars Nissen<\/a> auf <a href=\"https:\/\/pixabay.com\/de\/\/?utm_source=link-attribution&amp;utm_medium=referral&amp;utm_campaign=image&amp;utm_content=2055960\">Pixabay<\/a>[\/et_pb_text][et_pb_text module_id=&#8220;Kraft&#8220; _builder_version=&#8220;4.20.2&#8243; _module_preset=&#8220;default&#8220; hover_enabled=&#8220;0&#8243; global_colors_info=&#8220;{}&#8220; sticky_enabled=&#8220;0&#8243;]<\/p>\n<h2><span style=\"font-size: medium;\">Die Kraft des Unterbewusstsein<\/span><span style=\"font-size: medium;\"><\/span><span style=\"font: 8.0px Arial; font-kerning: none; font-variant-ligatures: common-ligatures; color: #221f1f; font-family: Arial; font-size: xx-small;\"><\/span><span style=\"font: 8.0px Arial; letter-spacing: -0.1px; font-variant-ligatures: common-ligatures; color: #221f1f; font-family: Arial; font-size: xx-small;\"><\/span><span style=\"font-size: medium;\"><\/span><span style=\"font-size: medium;\"><\/span><\/h2>\n<p><span style=\"font-size: medium;\"><\/span><\/p>\n<p>Mit der Kraft des Unterbewusstseins und gezielten Hypnose-Techniken kann ich Ihnen helfen, Ihre Zwangsgedanken und -handlungen zu \u00fcberwinden. In einer entspannten und sicheren Umgebung werden wir gemeinsam Ihre individuellen Ausl\u00f6ser und Ursachen f\u00fcr die Zwangsst\u00f6rungen erforschen und gezielt behandeln.<\/p>\n<p>Dabei arbeite ich stets individuell und passe die Therapie an Ihre spezifischen Bed\u00fcrfnisse an.<\/p>\n<p>[\/et_pb_text][et_pb_text module_id=&#8220;effektiv&#8220; _builder_version=&#8220;4.20.2&#8243; _module_preset=&#8220;default&#8220; global_colors_info=&#8220;{}&#8220;]<\/p>\n<h2><span style=\"font-size: medium;\"><a href=\"#sucht\">Hypnosettherapie ist sanft und effektiv<\/a><\/span><\/h2>\n<p>Die Hypnosetherapie ist eine sanfte und effektive Methode, um langfristige Ver\u00e4nderungen in Ihrem Verhalten und Denken zu bewirken. Kontaktieren Sie mich noch heute und vereinbaren Sie einen Termin f\u00fcr eine Hypnosetherapie bei Zwangsst\u00f6rungen. Ich freuen mich darauf, Ihnen zu helfen!<\/p>\n<p>[\/et_pb_text][\/et_pb_column][\/et_pb_row][\/et_pb_section]<\/p>\n","protected":false},"excerpt":{"rendered":"<p>Mit der Kraft des Unterbewusstseins und gezielten Hypnose-Techniken kann ich Ihnen helfen, Ihre Zwangsgedanken und -handlungen zu \u00fcberwinden<\/p>\n","protected":false},"author":1,"featured_media":0,"parent":0,"menu_order":0,"comment_status":"closed","ping_status":"closed","template":"","meta":{"_et_pb_use_builder":"on","_et_pb_old_content":"","_et_gb_content_width":"","footnotes":""},"class_list":["post-980","page","type-page","status-publish","hentry"],"aioseo_notices":[],"_links":{"self":[{"href":"https:\/\/johannes-weber.de\/praxis\/index.php\/wp-json\/wp\/v2\/pages\/980","targetHints":{"allow":["GET"]}}],"collection":[{"href":"https:\/\/johannes-weber.de\/praxis\/index.php\/wp-json\/wp\/v2\/pages"}],"about":[{"href":"https:\/\/johannes-weber.de\/praxis\/index.php\/wp-json\/wp\/v2\/types\/page"}],"author":[{"embeddable":true,"href":"https:\/\/johannes-weber.de\/praxis\/index.php\/wp-json\/wp\/v2\/users\/1"}],"replies":[{"embeddable":true,"href":"https:\/\/johannes-weber.de\/praxis\/index.php\/wp-json\/wp\/v2\/comments?post=980"}],"version-history":[{"count":8,"href":"https:\/\/johannes-weber.de\/praxis\/index.php\/wp-json\/wp\/v2\/pages\/980\/revisions"}],"predecessor-version":[{"id":1006,"href":"https:\/\/johannes-weber.de\/praxis\/index.php\/wp-json\/wp\/v2\/pages\/980\/revisions\/1006"}],"wp:attachment":[{"href":"https:\/\/johannes-weber.de\/praxis\/index.php\/wp-json\/wp\/v2\/media?parent=980"}],"curies":[{"name":"wp","href":"https:\/\/api.w.org\/{rel}","templated":true}]}}