{"id":993,"date":"2023-04-20T11:15:08","date_gmt":"2023-04-20T11:15:08","guid":{"rendered":"https:\/\/johannes-weber.de\/praxis\/?page_id=993"},"modified":"2023-04-20T11:38:12","modified_gmt":"2023-04-20T11:38:12","slug":"993-2","status":"publish","type":"page","link":"https:\/\/johannes-weber.de\/praxis\/index.php\/993-2\/","title":{"rendered":"Schmerzbehandlung durch Hypnose"},"content":{"rendered":"<p>[et_pb_section fb_built=&#8220;1&#8243; custom_padding_last_edited=&#8220;on|phone&#8220; _builder_version=&#8220;4.18.0&#8243; _module_preset=&#8220;default&#8220; width=&#8220;99%&#8220; custom_margin=&#8220;||||false|false&#8220; custom_margin_tablet=&#8220;||||false|false&#8220; custom_margin_phone=&#8220;|||-86px|false|false&#8220; custom_margin_last_edited=&#8220;on|phone&#8220; custom_padding=&#8220;|||0px|false|false&#8220; custom_padding_tablet=&#8220;|||0px|false|false&#8220; custom_padding_phone=&#8220;|||0px|false|false&#8220; global_colors_info=&#8220;{}&#8220;][et_pb_row _builder_version=&#8220;4.18.0&#8243; _module_preset=&#8220;default&#8220; custom_margin=&#8220;|auto||125px||&#8220; global_colors_info=&#8220;{}&#8220;][et_pb_column type=&#8220;4_4&#8243; _builder_version=&#8220;4.18.0&#8243; _module_preset=&#8220;default&#8220; global_colors_info=&#8220;{}&#8220;][et_pb_text _builder_version=&#8220;4.20.2&#8243; _module_preset=&#8220;default&#8220; global_colors_info=&#8220;{}&#8220;]<\/p>\n<h1><\/h1>\n<h1>Schmerzbehandung durch Hypnose<\/h1>\n<p>&nbsp;<\/p>\n<p>Leiden Sie unter Schmerzen und haben bereits zahlreiche Behandlungsmethoden ausprobiert, aber ohne Erfolg? Dann ist Hypnosetherapie vielleicht die L\u00f6sung f\u00fcr Sie!<br \/><span style=\"font-size: medium;\"><\/span><\/p>\n<p><a href=\"#emotion\">Schmerzempfinden reduzieren<\/a><br \/><a href=\"#Behandlungsplan\">Individueller Behandlungsplan<\/a><br \/><a href=\"#Wissenschaft\">Aus Sicht der Wissenschaft<\/a><br \/><a href=\"#gewichtsprobleme\"><\/a><\/p>\n<p><span style=\"font-size: medium;\"><\/span><\/p>\n<p>[\/et_pb_text][et_pb_image src=&#8220;https:\/\/johannes-weber.de\/praxis\/wp-content\/uploads\/2023\/04\/junge-frau-die-rueckenschmerzen-leidet-und-sich-beschwert-auf-einer-couch-im-wohnzimmer-zu-hause-zu-sitzen.jpg&#8220; title_text=&#8220;junge-frau-die-rueckenschmerzen-leidet-und-sich-beschwert-auf-einer-couch-im-wohnzimmer-zu-hause-zu-sitzen&#8220; _builder_version=&#8220;4.20.2&#8243; _module_preset=&#8220;default&#8220; hover_enabled=&#8220;0&#8243; global_colors_info=&#8220;{}&#8220; sticky_enabled=&#8220;0&#8243;][\/et_pb_image][et_pb_text module_id=&#8220;Schmerzempfinden&#8220; _builder_version=&#8220;4.20.2&#8243; _module_preset=&#8220;default&#8220; text_orientation=&#8220;right&#8220; global_colors_info=&#8220;{}&#8220;]<\/p>\n<p><a href=\"https:\/\/de.freepik.com\/fotos-kostenlos\/junge-frau-die-rueckenschmerzen-leidet-und-sich-beschwert-auf-einer-couch-im-wohnzimmer-zu-hause-zu-sitzen_8472695.htm#query=schmerz&amp;position=12&amp;from_view=search&amp;track=sph\">Bild von diana.grytsku<\/a> auf Freepik<\/p>\n<p>[\/et_pb_text][et_pb_text module_id=&#8220;emotion&#8220; _builder_version=&#8220;4.18.0&#8243; _module_preset=&#8220;default&#8220; global_colors_info=&#8220;{}&#8220;]<\/p>\n<h2><span style=\"font-size: medium;\">Schmerzempfindung reduzieren<\/span><span style=\"font-size: medium;\"><\/span><span style=\"font: 8.0px Arial; font-kerning: none; font-variant-ligatures: common-ligatures; color: #221f1f; font-family: Arial; font-size: xx-small;\"><\/span><span style=\"font: 8.0px Arial; letter-spacing: -0.1px; font-variant-ligatures: common-ligatures; color: #221f1f; font-family: Arial; font-size: xx-small;\"><\/span><span style=\"font-size: medium;\"><\/span><span style=\"font-size: medium;\"><\/span><\/h2>\n<p><span style=\"font-size: medium;\"><\/span><\/p>\n<p>Die Hypnosetherapie bei Schmerzen ist eine bew\u00e4hrte Methode, die darauf abzielt, die Schmerzempfindung zu reduzieren und die damit verbundenen Beschwerden zu lindern. Durch das gezielte Einleiten eines hypnotischen Zustands wird das Unterbewusstsein des Patienten angesprochen, um positive Ver\u00e4nderungen im K\u00f6rper zu bewirken.<\/p>\n<p>[\/et_pb_text][et_pb_text module_id=&#8220;Behandlungsplan&#8220; _builder_version=&#8220;4.20.2&#8243; _module_preset=&#8220;default&#8220; hover_enabled=&#8220;0&#8243; global_colors_info=&#8220;{}&#8220; sticky_enabled=&#8220;0&#8243;]<\/p>\n<h2><span style=\"font-size: medium;\">Induviduell abgestimmter Behandlungsplan<br \/><\/span><\/h2>\n<p>Ich arbeite eng mit Ihnen zusammen, um Ihre individuellen Bed\u00fcrfnisse zu verstehen und einen auf Sie abgestimmten Behandlungsplan zu entwickeln. Ich nutzen dabei modernste Hypnosetechniken, um Ihnen zu helfen, Ihre Schmerzen zu kontrollieren und ein besseres Leben zu f\u00fchren.<\/p>\n<p>Verabschieden Sie sich von Ihren Schmerzen und vereinbaren Sie noch heute einen Termin f\u00fcr eine Hypnosetherapie bei mir. Ich bin f\u00fcr Sie da und freue mich darauf, Ihnen zu helfen, ein schmerzfreies Leben zu f\u00fchren.<\/p>\n<p>[\/et_pb_text][et_pb_text module_id=&#8220;Wissenschaft&#8220; _builder_version=&#8220;4.20.2&#8243; _module_preset=&#8220;default&#8220; global_colors_info=&#8220;{}&#8220;]<\/p>\n<h2><span style=\"font-size: medium;\">Aus Sicht der Wissenschaft<br \/><\/span><\/h2>\n<p>Die Hypnosetherapie gilt als eine vielversprechende Behandlungsmethode f\u00fcr Patienten mit Schmerzerkrankungen wie Kopfschmerzen, Migr\u00e4ne, Krebsschmerzen und Schmerzen nach operativen Eingriffen. In den letzten Jahren wurden zahlreiche Studien durchgef\u00fchrt, um die Wirksamkeit der Hypnosetherapie bei Schmerzen zu untersuchen.<br \/>Eine Studie aus dem Jahr 2018 fand heraus, dass Hypnosetherapie eine signifikante Reduktion von Migr\u00e4ne- und Spannungskopfschmerzen bewirken kann. Die Ergebnisse zeigten, dass die Teilnehmer nach sechs Hypnosesitzungen eine signifikante Reduktion von Schmerzen und Symptomen erfahren hatten und auch nach einem Follow-up von sechs Monaten noch positive Effekte aufwiesen.<\/p>\n<p>Eine andere Studie aus dem Jahr 2019 untersuchte die Auswirkungen von Hypnosetherapie auf Krebsschmerzen. Die Ergebnisse zeigten, dass die Hypnosetherapie eine signifikante Reduktion von Schmerzen, Angstzust\u00e4nden und Depressionen bewirken konnte. Die Teilnehmer berichteten auch von einer besseren Lebensqualit\u00e4t und weniger Einschr\u00e4nkungen im Alltag.<\/p>\n<p>Eine weitere Studie aus dem Jahr 2020 untersuchte die Auswirkungen von Hypnosetherapie auf Schmerzen nach operativen Eingriffen. Die Ergebnisse zeigten, dass die Hypnosetherapie eine signifikante Reduktion von postoperativen Schmerzen bewirken konnte. Die Teilnehmer berichteten auch von einer schnelleren Genesung und einer besseren k\u00f6rperlichen Funktion.<\/p>\n<p>Diese Ergebnisse deuten darauf hin, dass Hypnosetherapie eine wirksame Erg\u00e4nzung zur medizinischen Behandlung von Schmerzerkrankungen sein kann. Hypnosetherapie kann helfen, Schmerzen zu lindern, Stress und Angstzust\u00e4nde zu reduzieren und die Lebensqualit\u00e4t zu verbessern. Es ist jedoch wichtig zu beachten, dass die Hypnosetherapie nicht als alleinige Behandlungsmethode bei Schmerzen eingesetzt werden sollte, sondern als Erg\u00e4nzung zur medizinischen Behandlung.<br \/>Insgesamt zeigen die Ergebnisse der Studien, dass Hypnosetherapie eine vielversprechende Therapieoption bei Schmerzerkrankungen ist und weitere Forschung in diesem Bereich notwendig ist, um ihre volle Wirksamkeit zu best\u00e4tigen.<\/p>\n<p>[\/et_pb_text][\/et_pb_column][\/et_pb_row][\/et_pb_section]<\/p>\n","protected":false},"excerpt":{"rendered":"<p>Leiden Sie unter Schmerzen und haben bereits zahlreiche Behandlungsmethoden ausprobiert, aber ohne Erfolg? Dann ist Hypnosetherapie vielleicht die L\u00f6sung f\u00fcr Sie!<\/p>\n","protected":false},"author":1,"featured_media":0,"parent":0,"menu_order":0,"comment_status":"closed","ping_status":"closed","template":"","meta":{"_et_pb_use_builder":"on","_et_pb_old_content":"","_et_gb_content_width":"","footnotes":""},"class_list":["post-993","page","type-page","status-publish","hentry"],"aioseo_notices":[],"_links":{"self":[{"href":"https:\/\/johannes-weber.de\/praxis\/index.php\/wp-json\/wp\/v2\/pages\/993","targetHints":{"allow":["GET"]}}],"collection":[{"href":"https:\/\/johannes-weber.de\/praxis\/index.php\/wp-json\/wp\/v2\/pages"}],"about":[{"href":"https:\/\/johannes-weber.de\/praxis\/index.php\/wp-json\/wp\/v2\/types\/page"}],"author":[{"embeddable":true,"href":"https:\/\/johannes-weber.de\/praxis\/index.php\/wp-json\/wp\/v2\/users\/1"}],"replies":[{"embeddable":true,"href":"https:\/\/johannes-weber.de\/praxis\/index.php\/wp-json\/wp\/v2\/comments?post=993"}],"version-history":[{"count":6,"href":"https:\/\/johannes-weber.de\/praxis\/index.php\/wp-json\/wp\/v2\/pages\/993\/revisions"}],"predecessor-version":[{"id":1007,"href":"https:\/\/johannes-weber.de\/praxis\/index.php\/wp-json\/wp\/v2\/pages\/993\/revisions\/1007"}],"wp:attachment":[{"href":"https:\/\/johannes-weber.de\/praxis\/index.php\/wp-json\/wp\/v2\/media?parent=993"}],"curies":[{"name":"wp","href":"https:\/\/api.w.org\/{rel}","templated":true}]}}